{"id":239,"date":"2024-02-02T08:28:52","date_gmt":"2024-02-02T07:28:52","guid":{"rendered":"https:\/\/www.icmc.sk\/?page_id=239"},"modified":"2024-03-02T09:16:20","modified_gmt":"2024-03-02T08:16:20","slug":"24-26-52024-1-klubovy-zraz-talianskych-vozidiel","status":"publish","type":"page","link":"https:\/\/www.icmc.sk\/?page_id=239","title":{"rendered":"24.-26.52024 1.klubov\u00fd zraz Talianskych vozidiel"},"content":{"rendered":"\n<p>miesto: AVA THERMALPARK Diakovce <\/p>\n\n\n\n<p>gener\u00e1lny partner: BEGAM Trnava<\/p>\n\n\n\n<p>Dlho o\u010dak\u00e1van\u00fd zraz priaznivcov TALIANSKYCH VOZIDIEL usporiadan\u00fd na\u0161im klubom je tu !!<\/p>\n\n\n\n<p><br>\u010cak\u00e1 n\u00e1s skvel\u00fd v\u00edkend pln\u00fd z\u00e1bavy, hudby, tanca, s\u00fa\u0165a\u017e\u00ed, mo\u017eno k\u00fapania v term\u00e1lnej vode, spanil\u00e1 jazda po okol\u00ed a tak \u010falej (program budeme postupne dop\u013a\u0148a\u0165&#8230;) v n\u00e1dhernom prostred\u00ed term\u00e1lneho k\u00fapaliska AVA THERMALPARK DIAKOVCE.<br>Priamo na k\u00fapalisku je mo\u017en\u00e9 sa ubytova\u0165 v chatk\u00e1ch, v hotely alebo aj v stanoch. Stravovanie bude mo\u017en\u00e9 objedna\u0165 v re\u0161taur\u00e1cii k\u00fapaliska ale bud\u00fa k dispoz\u00edcii aj kuchynky na ubytovan\u00ed.<\/p>\n\n\n\n<p><br>V\u0161etky potrebn\u00e9 inform\u00e1cie budeme uverej\u0148ova\u0165 tak ako ich dojedn\u00e1me a potvrd\u00edme s partnermi akcie tak\u017ee sledujte pr\u00edspevky a diskusiu k tomuto podujatiu.<br><\/p>\n\n\n\n<p>Te\u0161\u00edme sa, \u017ee spolu vytvor\u00edme v\u00fdborn\u00e9 podujatie, na ktor\u00e9 budeme radi spom\u00edna\u0165 !!<\/p>\n\n\n\n<figure class=\"wp-block-image size-large\"><img loading=\"lazy\" decoding=\"async\" width=\"1024\" height=\"1024\" src=\"https:\/\/www.icmc.sk\/wp-content\/uploads\/2024\/03\/2024_05_AVA_plagat_2_www-1024x1024.jpg\" alt=\"\" class=\"wp-image-226\" srcset=\"https:\/\/www.icmc.sk\/wp-content\/uploads\/2024\/03\/2024_05_AVA_plagat_2_www-1024x1024.jpg 1024w, https:\/\/www.icmc.sk\/wp-content\/uploads\/2024\/03\/2024_05_AVA_plagat_2_www-300x300.jpg 300w, https:\/\/www.icmc.sk\/wp-content\/uploads\/2024\/03\/2024_05_AVA_plagat_2_www-150x150.jpg 150w, https:\/\/www.icmc.sk\/wp-content\/uploads\/2024\/03\/2024_05_AVA_plagat_2_www-768x768.jpg 768w, https:\/\/www.icmc.sk\/wp-content\/uploads\/2024\/03\/2024_05_AVA_plagat_2_www-1536x1536.jpg 1536w, https:\/\/www.icmc.sk\/wp-content\/uploads\/2024\/03\/2024_05_AVA_plagat_2_www.jpg 1600w\" sizes=\"auto, (max-width: 1024px) 100vw, 1024px\" \/><\/figure>\n","protected":false},"excerpt":{"rendered":"<p>miesto: AVA THERMALPARK Diakovce gener\u00e1lny partner: BEGAM Trnava Dlho o\u010dak\u00e1van\u00fd zraz priaznivcov TALIANSKYCH VOZIDIEL usporiadan\u00fd na\u0161im klubom je tu !! \u010cak\u00e1 n\u00e1s<\/p>\n<p class=\"link-more\"><a class=\"myButt \" href=\"https:\/\/www.icmc.sk\/?page_id=239\">viac &#8230;<\/a><\/p>\n","protected":false},"author":1,"featured_media":214,"parent":0,"menu_order":0,"comment_status":"closed","ping_status":"closed","template":"","meta":{"footnotes":""},"class_list":["post-239","page","type-page","status-publish","has-post-thumbnail","hentry"],"_links":{"self":[{"href":"https:\/\/www.icmc.sk\/index.php?rest_route=\/wp\/v2\/pages\/239","targetHints":{"allow":["GET"]}}],"collection":[{"href":"https:\/\/www.icmc.sk\/index.php?rest_route=\/wp\/v2\/pages"}],"about":[{"href":"https:\/\/www.icmc.sk\/index.php?rest_route=\/wp\/v2\/types\/page"}],"author":[{"embeddable":true,"href":"https:\/\/www.icmc.sk\/index.php?rest_route=\/wp\/v2\/users\/1"}],"replies":[{"embeddable":true,"href":"https:\/\/www.icmc.sk\/index.php?rest_route=%2Fwp%2Fv2%2Fcomments&post=239"}],"version-history":[{"count":3,"href":"https:\/\/www.icmc.sk\/index.php?rest_route=\/wp\/v2\/pages\/239\/revisions"}],"predecessor-version":[{"id":248,"href":"https:\/\/www.icmc.sk\/index.php?rest_route=\/wp\/v2\/pages\/239\/revisions\/248"}],"wp:featuredmedia":[{"embeddable":true,"href":"https:\/\/www.icmc.sk\/index.php?rest_route=\/wp\/v2\/media\/214"}],"wp:attachment":[{"href":"https:\/\/www.icmc.sk\/index.php?rest_route=%2Fwp%2Fv2%2Fmedia&parent=239"}],"curies":[{"name":"wp","href":"https:\/\/api.w.org\/{rel}","templated":true}]}}